2?
True
Is 53161472 a multiple of 392?
True
Is 104104607 a multiple of 1425?
False
Is 221661017 a multiple of 78?
False
Does 4274 divide 1384448997?
False
Does 91 divide 113572095?
True
Is 17904420 a multiple of 30?
True
Does 143 divide 17132490?
False
Does 14 divide 331358091?
False
Is 5466625544 a multiple of 1321?
False
Is 276031872 a multiple of 192?
True
Does 392 divide 157112816?
True
Is 201 a factor of 51194700?
True
Does 19 divide 106851524?
False
Is 129697535 a multiple of 9?
False
Is 2892125 a multiple of 17?
True
Is 136 a factor of 51956488?
True
Does 15 divide 537730051?
False
Does 1129 divide 12307908?
False
Is 171596717 a multiple of 65?
False
Is 22658352 a multiple of 24?
True
Is 11 a factor of 67022296?
True
Does 5883 divide 872262975?
False
Is 20 a factor of 2901800?
True
Is 2618 a factor of 431556356?
True
Is 247919584 a multiple of 1067?
True
Is 8936332 a multiple of 4?
True
Is 86 a factor of 226834890?
True
Does 58 divide 10864038?
True
Is 1351788106 a multiple of 4116?
False
Is 677367020 a multiple of 460?
True
Does 415 divide 35272925?
True
Is 2812 a factor of 81590180?
True
Is 56946610 a multiple of 70?
True
Is 541804213 a multiple of 53?
True
Is 351857792 a multiple of 37?
False
Does 250 divide 46271798?
False
Is 7157933 a multiple of 5?
False
Does 3356 divide 8271005?
False
Is 66 a factor of 1050556?
False
Is 8 a factor of 99415884?
False
Does 2928 divide 161362615?
False
Is 138 a factor of 13608042?
True
Is 428044327 a multiple of 20?
False
Is 211235304 a multiple of 203?
True
Is 15 a factor of 102933888?
False
Is 1038591168 a multiple of 78?
False
Is 21 a factor of 242513187?
True
Does 133 divide 2499602?
True
Is 914256801 a multiple of 171?
True
Is 3061 a factor of 983783440?
False
Does 315 divide 3236364226?
False
Does 4 divide 176162418?
False
Is 4270689 a multiple of 28?
False
Is 2 a factor of 12271075?
False
Is 791 a factor of 39709782?
True
Is 270 a factor of 41874300?
True
Does 15 divide 588946335?
True
Is 195696524 a multiple of 5?
False
Does 355 divide 1097364995?
True
Does 13 divide 404326?
True
Does 74 divide 3489475485?
False
Is 137998300 a multiple of 74?
False
Is 10 a factor of 11856228?
False
Is 31 a factor of 100654334?
True
Does 207 divide 16906018?
False
Does 2033 divide 25504556?
False
Is 31 a factor of 173492802?
True
Is 824837816 a multiple of 34?
False
Does 12 divide 415244256?
True
Does 755 divide 2832963850?
True
Is 5 a factor of 149699323?
False
Is 19 a factor of 68380239?
False
Does 99 divide 31824243?
True
Is 3601767 a multiple of 7?
False
Does 909 divide 180130167?
True
Does 19 divide 251141772?
True
Is 2279931587 a multiple of 6481?
False
Is 2752344 a multiple of 127?
True
Is 69492250 a multiple of 2330?
True
Does 12 divide 101609616?
True
Is 6787206 a multiple of 9?
True
Is 20 a factor of 17246335?
False
Is 3952645548 a multiple of 183?
True
Does 112 divide 2664144?
True
Is 538 a factor of 257641744?
True
Does 2 divide 228305091?
False
Does 3 divide 49682127?
True
Does 637 divide 26648895?
True
Is 80652648 a multiple of 123?
False
Does 154 divide 775501956?
False
Is 17 a factor of 1399993622?
True
Is 107016388 a multiple of 8?
False
Is 690 a factor of 932510935?
False
Does 18 divide 290068056?
True
Does 97 divide 363654307?
False
Is 142 a factor of 223761612?
True
Is 25 a factor of 15969075?
True
Is 188 a factor of 3497552?
True
Does 479 divide 709306074?
True
Does 85 divide 8108843?
False
Is 302 a factor of 689910600?
False
Does 3561 divide 88398264?
True
Is 72 a factor of 14053968?
True
Is 2798887 a multiple of 46?
False
Is 2182834029 a multiple of 353?
False
Is 11 a factor of 1363500336?
True
Is 8 a factor of 47384136?
True
Is 3803154768 a multiple of 67?
True
Is 1684735899 a multiple of 889?
True
Does 217 divide 919159052?
True
Does 1630 divide 293102353?
False
Is 5529 a factor of 442419522?
True
Is 215 a factor of 175617805?
True
Is 26 a factor of 723138?
True
Is 33014730 a multiple of 147?
True
Is 409608085 a multiple of 53?
False
Does 2838 divide 41275872?
True
Does 742 divide 7884492?
True
Is 331869956 a multiple of 1793?
True
Does 15 divide 71901531?
False
Is 16477695 a multiple of 369?
True
Is 126824737 a multiple of 2763?
False
Is 70128140 a multiple of 10?
True
Is 37837935 a multiple of 10?
False
Is 584 a factor of 56302666?
False
Does 1420 divide 369624580?
True
Is 6 a factor of 11896289?
False
Is 61 a factor of 644813371?
True
Is 23633610 a multiple of 1001?
True
Is 18 a factor of 411092977?
False
Does 105 divide 1516059090?
True
Is 128 a factor of 322229289?
False
Is 522 a factor of 1772779036?
False
Is 58062907 a multiple of 307?
False
Is 8996240 a multiple of 18?
False
Is 156190678 a multiple of 5387?
True
Does 5457 divide 481689390?
True
Is 1247 a factor of 746021491?
True
Does 24 divide 297472939?
False
Is 373 a factor of 1750002?
False
Is 85018256 a multiple of 16?
True
Is 399 a factor of 769137138?
True
Is 1045152288 a multiple of 290?
False
Is 438658320 a multiple of 5063?
True
Is 101654241 a multiple of 3?
True
Does 2 divide 207584477?
False
Does 190 divide 39888633?
False
Does 6676 divide 1889604812?
False
Does 24 divide 505896?
True
Is 271962510 a multiple of 10?
True
Does 277 divide 121715185?
True
Does 7 divide 9652174?
True
Is 616770707 a multiple of 1766?
False
Does 1016 divide 4841945?
False
Does 2 divide 3135808?
True
Is 133 a factor of 161184429?
True
Is 1016662791 a multiple of 18?
False
Is 4275095 a multiple of 3?
False
Is 12 a factor of 33689903?
False
Is 11781240 a multiple of 155?
True
Is 78 a factor of 8540922?
True
Is 27532239 a multiple of 7?
True
Is 163544490 a multiple of 1081?
True
Is 2249454185 a multiple of 55?
True
Is 11 a factor of 309061545?
False
Does 14 divide 12663182?
True
Is 50478523 a multiple of 73?
False
Is 90454583 even?
False
Is 956089747 a multiple of 6966?
False
Does 2081 divide 745512007?
True
Is 25746809 a multiple of 43?
True
Does 96 divide 2720419565?
False
Is 5 a factor of 406358869?
False
Is 11 a factor of 278728830?
False
Does 4 divide 2522696?
True
Is 33 a factor of 89027070?
True
Is 82056656 a multiple of 11?
True
Is 751 a factor of 12637828?
True
Does 1862 divide 794751540?
False
Is 714896400 a multiple of 150?
True
Is 103 a factor of 167961894?
True
Is 691737714 a multiple of 2915?
False
Is 32 a factor of 90448800?
True
Is 208 a factor of 4227600?
True
Is 41442899 a multiple of 8?
False
Does 384 divide 132396672?
True
Is 1008 a factor of 62049646?
False
Is 37 a factor of 2236861686?
False
Does 259 divide 25126885?
True
Does 12142 divide 3231067942?
False
Is 5831703 a multiple of 28?
False
Is 27 a factor of 593450874?
True
Does 2363 divide 442280347?
True
Is 12478975 a multiple of 2?
False
Is 21879132 a multiple of 332?
True
Does 82 divide 30902766?
True
Is 1465 a factor of 808336592?
False
Does 863 divide 14286102?
True
Is 31102035 a multiple of 60?
False
Does 14 divide 34862072?
True
Is 828 a factor of 286895376?
True
Is 34 a factor of 103286838?
False
Is 2553 a factor of 31271697?
True
Does 8 divide 62810339?
False
Is 14498884 a multiple of 14?
False
Is 852 a factor of 169356300?
True
Is 6060 a factor of 525552162?
False
Does 268 divide 516268768?
True
Is 12 a factor of 854979096?
True
Is 1334992960 a multiple of 560?
True
Is 57 a factor of 90664884?
True
Does 11 divide 209888789?
True
Does 47 divide 73915458?
False
Is 26522385 a multiple of 965?
False
Is 102864194 a multiple of 25?
False
Is 7056645 a multiple of 126?
False
Is 18 a factor of 21271901?
False
Is 7 a factor of 70171402?
True
Is 1835896266 a multiple of 18?
True
Is 274 a factor of 7103176?
True
Does 303 divide 30552565?
False
Is 1705 a factor of 46906255?
True
Is 150741700 a multiple of 25?
True
Is 17 a factor of 415368965?
False
Is 66537120 a multiple of 24?
True
Is 436117452 a multiple of 168?
False
Is 14078494 a multiple of 13?
False
Does 440 divide 574746920?
True
Is 1645771851 a multiple of 62?
False
Does 7 divide 271955110?
True
Does 6516 divide 813667416?
False
Is 9 a factor of 46785429?
True
Is 10 a factor of 19669475?
False
Does 13 divide 1613300936?
True
Is 12 a factor of 1971310807?
False
Does 259 divide 2346458517?
False
Does 3 divide 162245806?
False
Is 128612613 a multiple of 182?
False
Is 1247380252 a multiple of 46?
True
Does 47 div